d 35288?
11
What is the greatest common factor of 1238680 and 120?
40
What is the greatest common divisor of 957 and 613437?
957
Calculate the greatest common divisor of 595480 and 40.
40
Calculate the highest common divisor of 3876 and 789108.
228
What is the greatest common factor of 618882 and 88?
22
Calculate the greatest common divisor of 140 and 427168.
28
What is the greatest common divisor of 75 and 41655?
15
What is the highest common factor of 276 and 279588?
276
Calculate the highest common divisor of 65197 and 209.
11
Calculate the greatest common divisor of 64 and 146144.
32
What is the highest common divisor of 832 and 3392?
64
Calculate the greatest common factor of 5789 and 294.
7
What is the highest common factor of 24 and 4176924?
12
What is the highest common factor of 640 and 1177920?
320
What is the greatest common factor of 117 and 165447?
9
Calculate the greatest common factor of 87 and 104487.
87
Calculate the greatest common factor of 531 and 96878.
59
What is the highest common factor of 10136 and 154?
14
Calculate the highest common factor of 1710 and 3352170.
570
What is the highest common factor of 19488 and 1288?
56
Calculate the highest common divisor of 423 and 2316348.
423
Calculate the greatest common divisor of 3842 and 24634.
226
What is the greatest common divisor of 46240 and 2464?
32
What is the highest common factor of 13067 and 716?
179
What is the highest common factor of 47192 and 1041?
347
What is the highest common divisor of 18756 and 1908?
36
What is the highest common factor of 221774 and 303800?
3038
Calculate the greatest common divisor of 673373 and 1413.
157
Calculate the greatest common divisor of 72 and 38336.
8
What is the greatest common factor of 17301 and 711?
237
Calculate the greatest common divisor of 308256 and 9126.
1014
Calculate the greatest common divisor of 1311 and 505609.
437
Calculate the highest common divisor of 1522 and 626303.
761
Calculate the highest common factor of 240 and 786.
6
What is the highest common divisor of 39831 and 15620?
781
Calculate the highest common divisor of 2555 and 16576.
7
What is the highest common factor of 16848 and 234576?
1296
What is the greatest common factor of 2899970 and 57?
19
What is the greatest common factor of 3135284 and 1668?
556
What is the highest common factor of 7980 and 9918?
114
Calculate the greatest common divisor of 1310 and 10.
10
Calculate the highest common factor of 1768 and 32266.
442
What is the greatest common factor of 1282684 and 51?
17
Calculate the highest common factor of 3058 and 2224.
278
What is the greatest common divisor of 20596 and 304?
76
Calculate the highest common divisor of 731 and 34.
17
What is the highest common divisor of 54808 and 3757?
221
Calculate the highest common factor of 583372 and 23.
23
What is the greatest common divisor of 21217 and 103920?
433
What is the highest common factor of 5928 and 728?
104
What is the greatest common divisor of 90990 and 8762?
674
What is the highest common factor of 24972 and 156?
12
Calculate the highest common divisor of 14800 and 260.
20
What is the highest common divisor of 250 and 2525?
25
What is the greatest common factor of 1085 and 105462?
217
Calculate the greatest common factor of 8 and 114776.
8
Calculate the highest common factor of 8449 and 343995.
1207
Calculate the greatest common factor of 2964 and 6.
6
Calculate the highest common factor of 2933 and 795681.
419
Calculate the greatest common factor of 7448 and 1274.
98
What is the highest common factor of 19610040 and 10?
10
Calculate the greatest common divisor of 26 and 85891.
13
Calculate the greatest common divisor of 121512 and 120.
24
Calculate the highest common divisor of 999 and 42.
3
Calculate the greatest common divisor of 386 and 2054678.
386
What is the greatest common factor of 560808 and 126?
18
What is the highest common divisor of 147 and 427427?
49
What is the greatest common factor of 77 and 8267?
7
What is the greatest common factor of 5710 and 326041?
571
What is the greatest common factor of 14651 and 5096?
637
What is the highest common factor of 1188 and 81378?
594
Calculate the highest common divisor of 5928 and 9291.
57
What is the greatest common factor of 285 and 10317?
57
Calculate the greatest common factor of 8150 and 3586.
326
What is the greatest common factor of 310 and 410?
10
Calculate the highest common factor of 1152 and 139302.
18
What is the highest common factor of 2845 and 640?
5
Calculate the highest common factor of 111 and 209309.
37
Calculate the highest common factor of 5 and 498795.
5
What is the highest common factor of 1850 and 250?
50
What is the highest common factor of 9216 and 3888?
144
What is the greatest common divisor of 56291 and 622?
311
Calculate the highest common divisor of 428 and 8.
4
What is the highest common divisor of 11 and 1325929?
11
What is the highest common factor of 6479 and 10571?
341
What is the highest common divisor of 30261 and 1309?
77
What is the greatest common divisor of 1578171 and 8088?
1011
Calculate the highest common divisor of 96 and 405984.
96
What is the greatest common divisor of 34462 and 2?
2
Calculate the greatest common divisor of 50292 and 678.
6
Calculate the highest common divisor of 69 and 22379.
23
What is the highest common factor of 687198 and 106?
106
What is the greatest common divisor of 59180 and 16060?
220
What is the highest common divisor of 14336 and 84?
28
What is the greatest common factor of 153087 and 1188?
33
Calculate the highest common factor of 4370 and 6900.
230
Calculate the highest common factor of 141 and 345.
3
Calculate the greatest common divisor of 80083 and 477.
53
Calculate the greatest common factor of 48101 and 28020.
467
Calculate the highest common factor of 1937 and 172.
1
What is the highest common factor of 2700999 and 567?
189
What is the highest common factor of 4272 and 10947?
267
What is the greatest common divisor of 453728 and 946?
22
Calculate the greatest common factor of 325 and 113165.
65
Calculate the greatest common factor of 126413 and 7.
7
What is the greatest common divisor of 3450 and 7950?
150
What is the highest common divisor of 1523833 and 542?
271
Calculate the highest common factor of 1950 and 453700.
650
Calculate the highest common divisor of 926592 and 6840.
456
Calculate the greatest common divisor of 29 and 695449.
29
Calculate the highest common divisor of 368576 and 80.
16
What is the greatest common divisor of 15963 and 3009?
51
Calculate the greatest common divisor of 2167 and 13783.
11
Calculate the highest common factor of 480 and 33240.
120
What is the greatest common divisor of 93031 and 279?
31
What is the highest common factor of 2319 and 167741?
773
What is the highest common divisor of 234243 and 45?
9
Calculate the greatest common divisor of 144781 and 2275.
91
Calculate the highest common factor of 902 and 60566.
22
Calculate the greatest common factor of 300 and 547980.
60
Calculate the highest common divisor of 1431681 and 23.
23
What is the highest common factor of 117755 and 275?
55
Calculate the highest common factor of 22748 and 73414.
1034
What is the greatest common divisor of 754 and 144217?
29
Calculate the greatest common divisor of 9328 and 396.
44
What is the greatest common factor of 1125 and 6875?
125
What is the highest common factor of 397161 and 9?
9
What is the greatest common factor of 1220 and 139873?
61
What is the highest common divisor of 23856 and 192?
48
Calculate the highest common factor of 1240 and 1640.
40
What is the highest common factor of 78073 and 808?
101
What is the highest common divisor of 1830200 and 800?
200
Calculate the highest common factor of 240 and 17153520.
240
What is the greatest common divisor of 53760 and 6224?
16
Calculate the highest common divisor of 11490 and 300.
30
Calculate the highest common factor of 5039579 and 95.
19
Calculate the greatest common divisor of 9 and 85851.
9
What is the greatest common divisor of 200042 and 2030?
58
What is the highest common factor of 12480 and 28522?
26
What is the greatest common factor of 4407 and 468?
39
Calculate the greatest common factor of 12 and 99516.
12
What is the highest common factor of 343 and 26?
